h. Let r = 9 + -5. What is the highest common factor of r and t?
4
Let g be (30/24)/(2/8). Let n = 49 + 6. Calculate the greatest common factor of g and n.
5
Suppose -89*i = -90*i - 38. Let o = i + 62. What is the highest common divisor of 60 and o?
12
Let c = 172 + -110. Let r = 72 - c. Let g(u) = 7*u**2 - 2*u + 1. Let h be g(-3). What is the greatest common divisor of h and r?
10
Suppose -6*s = -s - 680. Suppose 4*u + 4*p = 0, 5*p + 12 + 23 = 2*u. Suppose a - u*l - 32 = -0*l, -2*l = 6. Calculate the highest common divisor of a and s.
17
Suppose 2*j - 3*f = -4 + 89, 5*j - 260 = -2*f. Calculate the highest common divisor of j and 2.
2
Suppose 3*n + 5 = -3*y + 26, 0 = -2*y + n + 2. What is the highest common divisor of 24 and y?
3
Suppose -1274 = -0*z - 14*z. Calculate the highest common divisor of z and 910.
91
Let l(n) = n**2 + 5*n - 12. Let b be l(-5). Let s be (-3512)/(-28) - b/21. What is the greatest common divisor of s and 18?
18
Let o be (-571)/(-5) + (22/55)/(-2). What is the highest common factor of o and 38?
38
Let f(g) = -8 + 13*g - 6 - 19*g. Let a be f(-4). What is the greatest common divisor of a and 50?
10
Suppose -2*d - 15 = -37. Let x = 1 + d. Let q = -48 - -96. What is the highest common factor of x and q?
12
Let u be 1 + 15/5 + 220. What is the greatest common factor of 96 and u?
32
Suppose 0 = u + 4*o + 18, 4*u - 3*u - o + 38 = 0. Let z = u - -28. Let j(i) = 3*i**2 + 11*i + 6. Let p be j(z). What is the highest common factor of p and 6?
6
Suppose 445 = 4*p - a + 6*a, -5*p = -2*a - 548. Suppose 5*m = p - 35. What is the highest common divisor of m and 6?
3
Suppose -42 = -8*n + n. Let c be n/(-5)*(-40)/12. Suppose 5*m + 0*m + 5*x = 40, -c*m + 28 = 5*x. Calculate the greatest common factor of 132 and m.
12
Let g be ((-12)/10)/((-14)/105). Let k be ((-12)/14)/(6/(-63)). Calculate the greatest common divisor of g and k.
9
Suppose 0 = -94*p + 88*p + 2142. Calculate the greatest common divisor of p and 51.
51
Let u = 90 + -74. Calculate the greatest common factor of 200 and u.
8
Let a(x) = -4*x - 8. Let m = -14 - -14. Suppose q - 2*q - 5*t + 3 = m, 5*q + 41 = 3*t. Let y be a(q). What is the greatest common factor of 10 and y?
10
Suppose -64*q + 511 = -193. Let t = -80 - -135. Calculate the highest common factor of t and q.
11
Let b be 62 + (9 - 5) - 0. Calculate the highest common divisor of 6 and b.
6
Suppose 0 = 7*y - 2*y - 175. Suppose 114*o = 108*o + 30. What is the greatest common factor of o and y?
5
Let p(n) = n**3 - 3*n**2 + 10*n - 14. Let b be p(6). Suppose -71 = -5*x + a - 2*a, -x + 5*a + 9 = 0. What is the greatest common factor of b and x?
14
Suppose 0 = -2*t - 23 - 19. Let h be (-12)/t + 304/7. What is the greatest common divisor of h and 308?
44
Let t = -30 - -51. Suppose -147 = -4*m + t. Calculate the highest common divisor of 21 and m.
21
Let z(a) = -a**2 + 0*a**2 + 6 + 15*a - 20*a. Let r be z(-5). Let x be ((-50)/(-4))/(r/12). Calculate the greatest common divisor of 10 and x.
5
Suppose -v + 26 = v. Let y = -6 + v. Suppose y = o + 4. Calculate the highest common divisor of o and 9.
3
Let q be (15/(-9) + 1)*6. Let r be (-14)/q*360/63. What is the highest common factor of 4 and r?
4
Suppose -378 = -3*r + 3*q, -3*r - 2*q + 358 = -q. Calculate the highest common factor of 88 and r.
11
Suppose 4*q - 64 = -8. Let s = 3520 + -3464. Calculate the greatest common factor of s and q.
14
Let p be (-2)/(3 - 520/172). Let r be p/12 - (-5)/(-30). What is the greatest common factor of r and 14?
7
Let c be 2/(-3)*25920/(-32). Calculate the highest common divisor of 54 and c.
54
Suppose 5*m = -67 + 527. Calculate the highest common factor of m and 68.
4
Suppose -3*i + 165 = 2*i. Suppose -719 + 59 = -10*r. Calculate the greatest common factor of r and i.
33
Let s = -222 - -365. Suppose -10*x + 33 = -7*x. What is the greatest common divisor of s and x?
11
Let o = 8 - 5. Suppose -h + 640 = o*h. Suppose 138 = -4*y + 8*y - 5*a, 2*a = 4*y - 132. Calculate the greatest common factor of h and y.
32
Let y(h) = h**2 - 2*h + 3. Let d be y(2). Let b = 3 + d. Calculate the highest common divisor of 27 and b.
3
Suppose i + 132 = 3*i. Let r(q) = -q + 18. Let d be r(14). Suppose 3*b - d*b + i = 0. What is the greatest common factor of b and 6?
6
Let b(s) be the third derivative of s**6/30 - s**5/30 - s**4/24 + 2*s**2. Let i be b(2). Calculate the highest common divisor of 2 and i.
2
Let z(d) = 11*d**2 + 1. Let q be z(-1). Let h be 21/q + (-1)/(-4). Let n be (h - 1 - -33)*4. Calculate the greatest common divisor of n and 17.
17
Let d = 4 + -7. Let o be ((-126)/(-15))/(d/(-10)). Suppose 4*i + 9*t = 11*t + 272, -2*t - 342 = -5*i. Calculate the greatest common factor of i and o.
14
Suppose -25*n = -34*n + 189. Calculate the highest common factor of 9 and n.
3
Let m = 2 - -4. Let r = m + -5. Let c = 5 - r. What is the greatest common divisor of 40 and c?
4
Let n(s) = s**3 + 10*s**2 - 22*s + 1. Let k be n(7). What is the highest common factor of k and 40?
40
Let z(n) = -2 - n + 5*n**2 + 0 + 5 - 3*n. Let h be z(3). Suppose -34*a = -37*a + 27. What is the greatest common factor of h and a?
9
Suppose -k - 2*t + 48 = 2*t, -5*t = -10. Suppose -4*v = -k - 4. What is the highest common divisor of 121 and v?
11
Let r(h) = -h**3 + 12*h**2 + 31*h - 33. Let g be r(14). Calculate the highest common divisor of 3 and g.
3
Let i = -817 + 884. What is the greatest common factor of i and 1675?
67
Let d be -5 + (85 - 4) - (-1 - -1). Calculate the highest common divisor of 836 and d.
76
Suppose 62 = 4*h - 34. Let q(b) = 445*b - 2406. Let x be q(6). Calculate the highest common factor of x and h.
24
Suppose -12 = -7*r + r. Suppose r = t - 4. What is the greatest common divisor of t and 6?
6
Let j be (-660)/(-40)*((-106)/(-6) + 1). Calculate the greatest common divisor of 28 and j.
28
Let v(o) = o**2 + 9. Let k be v(0). Let l = 23 - k. Let x be 14/(-6)*-2*3. Calculate the highest common divisor of l and x.
14
Let t = -11 + 13. Suppose 5*k + 4*b - t*b = -72, 5*b + 5 = 0. Let z be 4/6*(-1911)/k. Calculate the highest common factor of 13 and z.
13
Let a be (7/(-7))/((-1)/14). Let m(x) = x**3 - 15*x**2 + 14*x + 13. Let v be m(a). Let j = 6 - -137. Calculate the highest common factor of v and j.
13
Suppose -613*v = -588*v - 2200. Suppose -5 = -4*c + 27. What is the greatest common divisor of v and c?
8
Let j = -252 - -270. What is the greatest common divisor of j and 234?
18
Let v be 6/5*(308 + 2 - -5). Calculate the greatest common factor of v and 14.
14
Suppose 0 = -5*o + 5*n + 40, -3*o + 29 = -2*n. Suppose 0 = p - o*p + 756. Calculate the greatest common factor of p and 21.
21
Let s(b) = -17*b - 19. Let p = -74 - -63. Let q be s(p). Calculate the highest common factor of q and 24.
24
Let w be ((-14)/(-4))/((-2)/(-4)). Suppose 0 = 3*l - t - 3, 2*t = -3*l + w*l - 4. What is the highest common divisor of 7 and l?
1
Suppose -2*f + 4*f - 10 = 0. Suppose 0*z = 5*a + f*z - 25, -z + 19 = 3*a. Calculate the greatest common factor of 77 and a.
7
Let k = 299 - 71. Calculate the greatest common factor of k and 36.
12
Let j = -1 - -226. What is the highest common factor of j and 405?
45
Let t = -111 - -25. Let o = t - -120. Calculate the greatest common divisor of o and 51.
17
Suppose 0 = 4*t + 12, -4*t = 4*m - 55 - 17. Let y = 68 - 65. Suppose -2*i - y*p + 11 - 5 = 0, -2*i + 6 = -4*p. Calculate the highest common factor of m and i.
3
Let a(l) = l**2 + 14*l + 44. Let o be a(-4). Suppose -4*z + d + 76 = 4*d, 20 = 5*d. Let m = 26 - z. What is the greatest common factor of o and m?
2
Suppose 400*q = 416*q - 32. What is the highest common factor of 566 and q?
2
Suppose 10*m = 13*m + 246. Let w = -54 - m. What is the highest common divisor of 7 and w?
7
Let v(h) = -h + h + 6 - 1 + 3*h**2 - 5*h. Let c be v(5). Let d be (-1072)/(-201) - (-1)/(-3). Calculate the highest common factor of c and d.
5
Suppose -40 = -7*f + 5*f. Let i be ((-3)/12)/((-5)/f). What is the greatest common factor of i and 7?
1
Let x(a) = -a**3 + 11*a**2 + 17*a - 36. Let p be x(9). Let t = 59 - 28. What is the greatest common divisor of p and t?
31
Let v(n) = 25*n - 211. Let z be v(10). Calculate the highest common divisor of 26 and z.
13
Let h be (-2)/(-4) - (-63)/(-18). Let b be -1*(h + -3) - 1. Suppose -8*o + k = -3*o